culate the remainder when 1660503 is divided by 97.
57
Calculate the remainder when 2945784 is divided by 622.
614
Calculate the remainder when 766687037 is divided by 1257.
1256
Calculate the remainder when 46598 is divided by 23270.
58
Calculate the remainder when 18486298 is divided by 700.
698
Calculate the remainder when 43483116 is divided by 77.
61
What is the remainder when 864911 is divided by 558?
11
What is the remainder when 102121 is divided by 8065?
5341
What is the remainder when 1752569 is divided by 8?
1
Calculate the remainder when 27780726 is divided by 13890353.
20
Calculate the remainder when 22208363 is divided by 3542.
23
What is the remainder when 256473 is divided by 63011?
4429
What is the remainder when 8349644 is divided by 245577?
26
What is the remainder when 13649986 is divided by 27520?
66
What is the remainder when 36434329 is divided by 3232?
3225
What is the remainder when 2402597 is divided by 1297?
553
Calculate the remainder when 7386375 is divided by 3653.
9
Calculate the remainder when 11988 is divided by 7758.
4230
Calculate the remainder when 32430126 is divided by 100.
26
Calculate the remainder when 2755 is divided by 630.
235
What is the remainder when 136600 is divided by 134485?
2115
What is the remainder when 22663874 is divided by 2266369?
184
Calculate the remainder when 1875 is divided by 823.
229
Calculate the remainder when 158491 is divided by 4528.
11
What is the remainder when 581079 is divided by 596?
575
Calculate the remainder when 6836335 is divided by 12.
7
Calculate the remainder when 24275 is divided by 75.
50
Calculate the remainder when 3679174 is divided by 22852.
2
What is the remainder when 52791 is divided by 43?
30
Calculate the remainder when 65894383 is divided by 3401.
8
What is the remainder when 216730 is divided by 787?
305
Calculate the remainder when 351577495 is divided by 779.
773
Calculate the remainder when 407919 is divided by 129.
21
What is the remainder when 12661535 is divided by 2110254?
11
Calculate the remainder when 236021 is divided by 1434.
845
What is the remainder when 31557313 is divided by 1022?
1019
What is the remainder when 2065312 is divided by 39?
28
Calculate the remainder when 237566 is divided by 59227.
658
What is the remainder when 31493218 is divided by 165?
163
What is the remainder when 67488845 is divided by 25?
20
What is the remainder when 16976967 is divided by 32?
7
What is the remainder when 185846 is divided by 1410?
1136
What is the remainder when 222916 is divided by 2164?
24
Calculate the remainder when 2389855 is divided by 11.
6
Calculate the remainder when 6065863 is divided by 28.
27
Calculate the remainder when 375388788 is divided by 409.
408
Calculate the remainder when 16944745 is divided by 1596.
13
What is the remainder when 1961610 is divided by 326931?
24
Calculate the remainder when 1339890 is divided by 1640.
10
Calculate the remainder when 38846339 is divided by 33.
26
Calculate the remainder when 242797 is divided by 148.
77
What is the remainder when 26128448 is divided by 25?
23
Calculate the remainder when 19934478 is divided by 51.
6
What is the remainder when 981344 is divided by 12114?
110
Calculate the remainder when 3231242 is divided by 485.
172
What is the remainder when 93995079 is divided by 83?
69
What is the remainder when 497568 is divided by 13777?
1596
What is the remainder when 274267 is divided by 54739?
572
Calculate the remainder when 32267463 is divided by 1302.
1299
What is the remainder when 3566616 is divided by 3?
0
Calculate the remainder when 7550383 is divided by 976.
47
What is the remainder when 823698 is divided by 63360?
18
Calculate the remainder when 163445421 is divided by 1047727.
9
Calculate the remainder when 4427980 is divided by 75045.
325
What is the remainder when 4704380 is divided by 627?
626
What is the remainder when 772542 is divided by 20868?
426
Calculate the remainder when 261595 is divided by 4.
3
What is the remainder when 29877885 is divided by 84163?
20
Calculate the remainder when 647012 is divided by 128.
100
What is the remainder when 440981 is divided by 415?
251
What is the remainder when 538781 is divided by 6268?
6001
Calculate the remainder when 3101602 is divided by 43.
12
Calculate the remainder when 25249 is divided by 1321.
150
Calculate the remainder when 4303622 is divided by 240.
182
Calculate the remainder when 36674 is divided by 36593.
81
Calculate the remainder when 2771890 is divided by 227.
220
What is the remainder when 1801054 is divided by 1825?
1604
What is the remainder when 108372 is divided by 53950?
472
What is the remainder when 70108361 is divided by 2355?
11
Calculate the remainder when 18331548 is divided by 20.
8
Calculate the remainder when 773222 is divided by 2894.
524
What is the remainder when 19854071 is divided by 216?
215
Calculate the remainder when 285518413 is divided by 1995.
1993
Calculate the remainder when 3629922 is divided by 1741.
1678
Calculate the remainder when 2489699 is divided by 1574.
1205
What is the remainder when 2016408 is divided by 506?
504
What is the remainder when 59638781 is divided by 183?
179
Calculate the remainder when 855549 is divided by 361.
340
What is the remainder when 11980816 is divided by 4624?
32
Calculate the remainder when 1370911 is divided by 3787.
17
What is the remainder when 80439547 is divided by 28?
27
What is the remainder when 2370307 is divided by 48373?
30
What is the remainder when 1422349 is divided by 284468?
9
Calculate the remainder when 5862 is divided by 2194.
1474
Calculate the remainder when 1498941 is divided by 53532.
45
What is the remainder when 412670768 is divided by 453?
452
Calculate the remainder when 9633166 is divided by 953.
242
Calculate the remainder when 91552 is divided by 2956.
2872
Calculate the remainder when 11804846 is divided by 1406.
70
Calculate the remainder when 58581 is divided by 4415.
1186
What is the remainder when 1719627 is divided by 97?
11
Calculate the remainder when 7663291 is divided by 1970.
1961
Calculate the remainder when 403029 is divided by 507.
471
Calculate the remainder when 42089 is divided by 13993.
110
What is the remainder when 10297096 is divided by 5148545?
6
What is the remainder when 2414221 is divided by 482843?
6
Calculate the remainder when 71972 is divided by 9692.
4128
Calculate the remainder when 90502269 is divided by 277.
275
What is the remainder when 986587 is divided by 7325?
5037
What is the remainder when 17074004 is divided by 2811?
2801
Calculate the remainder when 172695 is divided by 185.
90
Calculate the remainder when 2998710 is divided by 204.
114
Calculate the remainder when 1840034 is divided by 566.
534
What is the remainder when 211064 is divided by 150?
14
Calculate the remainder when 147683 is divided by 4427.
1592
Calculate the remainder when 2600358 is divided by 4798.
4640
Calculate the remainder when 8906511 is divided by 251.
27
What is the remainder when 112460 is divided by 2162?
36
Calculate the remainder when 160010 is divided by 26470.
1190
Calculate the remainder when 181993 is divided by 88870.
4253
What is the remainder when 75806 is divided by 1539?
395
Calculate the remainder when 574620 is divided by 191327.
639
Calculate the remainder when 50755 is divided by 2344.
1531
Calculate the remainder when 547682 is divided by 244.
146
Calculate the remainder when 89255668 is divided by 21.
19
What is the remainder when 19091261 is divided by 2513?
0
Calculate the remainder when 149614313 is divided by 418.
409
What is the remainder when 404473 is divided by 96?
25
What is the remainder when 666756 is divided by 26634?
906
What is the remainder when 413748 is divided by 1544?
1500
Calculate the remainder when 2147061 is divided by 6686.
855
Calculate the remainder when 94008161 is divided by 2713.
2711
What is the remainder when 74255 is divided by 23852?
2699
Calculate the remainder when 8523 is divided by 1316.
627
What is the remainder when 727439 is divided by 20?
19
Calculate the remainder when 22364 is divided by 1487.
59
What is the remainder when 16706876 is divided by 52?
4
Calculate the remainder when 158918 is divided by 31322.
2308
Calculate the rem